9
Suppose 4*c - 51512 + 346 = 3*v, 0 = -3*c + 4*v + 38385. List the prime factors of c.
19, 673
Let v(s) = 10*s**2 + 5*s - 23. Let d(m) = 9*m**2 + 6*m - 19. Let p(u) = 3*d(u) - 2*v(u). What are the prime factors of p(6)?
17
Let l(a) = 334*a**3 - 15*a**2 + 29*a. List the prime factors of l(3).
2, 3, 5, 13, 23
Suppose 5*l - 2417 = -3*w, -3*w - 4*l + 2250 + 172 = 0. What are the prime factors of w?
2, 11, 37
Let z(k) = -2 + 20*k**3 + 2*k + 2*k**2 - 1 + 0. Suppose 4*v + 0 = -2*n + 6, -11*v - 5*n + 16 = 0. List the prime factors of z(v).
3, 7
What are the prime factors of (-999700)/(-520)*(-68)/(-5)?
2, 17, 769
Let l = 7093 + -5207. Let m be -1242*-1*1/2. Suppose -5*o + l = m. What are the prime factors of o?
11, 23
Let g be (5/20)/((-2)/(1 + 7)). List the prime factors of -439*(-2 + g + 3 + -1).
439
Let b(a) = -2*a + 20. Let f be b(10). Suppose -4*k = -f*k - 532. List the prime factors of k.
7, 19
Suppose -11*r = -4*r. Let q be 0/(5 + r) - 26*2. Let y = q - -179. List the prime factors of y.
127
Let d be ((-14)/10 - -3)/(4/(-10)). What are the prime factors of 12*(-235)/30*d?
2, 47
Let p = 3 + -3. Let v(k) = 2*k**2 - k - 83. Let t(b) = b**2 - b + 1. Let o(x) = t(x) - v(x). What are the prime factors of o(p)?
2, 3, 7
Let g(w) be the first derivative of -34*w - 9/2*w**2 + 13. List the prime factors of g(-8).
2, 19
Let h be -10 - 4/(-3 - 1). Let n(p) = p**3 + 9*p**2 - 9*p - 22. Let o be n(h). Let j = o - 33. What are the prime factors of j?
2, 13
Suppose -k - 5*d = 28, 11 = -k - k + 5*d. Let b be (-2)/(-9) + (-31)/(-9)*4. What are the prime factors of (b + k)*53/(-2)*-2?
53
Let y(o) = o**3 - o**2 + o + 4. Let t be y(0). Suppose 4*n = -t*q + 3044, -n + 532 = -q - 231. List the prime factors of n.
2, 3, 127
Let v(f) = -21*f**2 + 33*f - 30. Let n be 65/(-26)*14/5. Let q(i) = -7*i**2 + 11*i - 10. Let x(l) = n*q(l) + 2*v(l). List the prime factors of x(5).
2, 5, 13
Let m be (953095/91 - (-3)/7) + -5. Suppose 56*r - m - 28283 = 0. List the prime factors of r.
2, 173
Suppose -7*a = a - 20*a + 214788. What are the prime factors of a?
7, 2557
Let o = 16447 - 2337. List the prime factors of o.
2, 5, 17, 83
Suppose -2*b - 2*s + 32 = 0, -4*b - 6*s + 56 = -4*s. Let p = b + -9. What are the prime factors of 207 - (1 - -5 - p)?
2, 3, 17
Let k(i) = 16*i**2 + 6*i + 4. Let p(s) = s**2 - s - 1. Let d(o) = k(o) + 2*p(o). List the prime factors of d(2).
2, 41
Let n(u) = 367*u + 1533. List the prime factors of n(5).
2, 421
Let m = 4523 - 3766. What are the prime factors of m?
757
Suppose w + 220 = 5*w. Let u = 52 - w. What are the prime factors of u + 2/8 + 380/16?
3, 7
Let u(w) = 80*w - 477. Let r be u(23). Suppose x + 5*j = r, -x + 1130 = j - 245. What are the prime factors of x?
2, 13, 53
Let t be (16/10)/((-48)/120). List the prime factors of (-6)/t*(22 + -12).
3, 5
Suppose -4*q = 265 - 253. Let a(y) = -28*y - 40. What are the prime factors of a(q)?
2, 11
Suppose 5*q + 1791 = 4*n - 6*n, 3*n + 9 = 0. Let p = 371 + q. List the prime factors of p.
2, 7
Let v = 12 + -11. Let r = -9 + -28. List the prime factors of (r + v)/(-3 - -2).
2, 3
Let z be (-48)/30*(1 + (-14)/4). Suppose z*o - 2794 = -y, -o - 4*o - 4*y = -3498. List the prime factors of o.
2, 349
Suppose 3*w - 4*q - 14647 = 0, -10322 + 550 = -2*w - q. What are the prime factors of w?
5, 977
Let w(v) = 14*v + 37. Let q be (15/(-9))/(-2*2/12). Let o be w(q). Suppose -o = -2*f + 5*n + 201, -5*n = 2*f - 328. List the prime factors of f.
3, 53
Suppose -2*w + 696 = -2*p, 3*p + 1384 = 4*w + p. Suppose -6*j + 1316 = w. What are the prime factors of j?
2, 3
Suppose 139*g - 140*g + 2*i + 4 = 0, -g + 9 = 3*i. Let v = 120 + -18. Suppose -6 = d + 5*s - v, 2*s - g = 0. What are the prime factors of d?
3
List the prime factors of 220260/(-7 - -27) + (4 - 7).
2, 3, 5, 367
Let b be (-75)/100 + (646/8)/1. Suppose -2*v + 0*v - 98 = 0. Let c = v + b. What are the prime factors of c?
31
Suppose 4*n + 522 + 18270 = 2*c, 2*c = 3*n + 18790. List the prime factors of c.
2, 587
List the prime factors of (17 + 24 + -42)/(0 - (-2)/(-21494)).
11, 977
Let t(d) = -d - 19. Let g(m) = 9*m + 5. Let k be g(-3). Let n be t(k). Let h(j) = 5*j**3 + 2*j**2 - 6*j. List the prime factors of h(n).
3, 5
Let n = 849 + 305. Suppose 0 = 536*d - 534*d - n. What are the prime factors of d?
577
Let w = 10424 + 34854. What are the prime factors of w?
2, 22639
Suppose -5*x = -4*u + 59, -41 = -4*u - 5*x + 4*x. Suppose 0 = -u*y + 431 + 2737. What are the prime factors of y?
2, 3
Suppose -2*f - 8145 = 4*x - 134833, -5*f = -5*x + 158420. List the prime factors of x.
2, 7919
Let j(u) = -9*u - 6. Let c be j(5). Let l = 46 + c. List the prime factors of (l + -48)/(((-2)/4)/1).
2, 53
Let j(s) = 202*s + 233. What are the prime factors of j(12)?
2657
Suppose 50 = g + 13. Let w = 41 - g. Suppose w*v = 5*v - 29. What are the prime factors of v?
29
Let i = -10823 + 17195. List the prime factors of i.
2, 3, 59
Suppose 0 = -39*x + 2236652 - 536837. List the prime factors of x.
5, 23, 379
